- 3*t(y). Is k(2) a composite number?
False
Let p(b) = -23*b**2 - 6*b**2 + 6*b**2 - 61 + 2*b**3 - 15*b**2 + 23*b. Is p(28) composite?
True
Let p = 1761279 + -1208052. Is p composite?
True
Suppose 4*u + 76 = 2*g, 3*g - 75 - 29 = -4*u. Let r be -2 + (6/5)/(g/90). Is 2/(-3)*(r - 814) a prime number?
False
Let x(k) be the third derivative of 193*k**5/6 - 5*k**4/12 + 17*k**3/6 + 7*k**2. Suppose -2 = -22*r + 21*r. Is x(r) a prime number?
True
Suppose -38*a = -33*a - 25, -2*r - 23 = -5*a. Let y be (0 + -2 - 0) + -110. Is -3 - -1 - (y + r) prime?
True
Let s = 7017 + 13636. Is s prime?
False
Let p = 29 - 301. Let b = -1533 - -2251. Let c = b + p. Is c composite?
True
Let k(g) = -43*g - 17. Let x(u) = u**3 - 5*u**2 + 3*u - 12. Let a be x(5). Suppose m + 64 = -5*w, 2*m + 44 = -2*w - a*m. Is k(w) a prime number?
True
Let s be (1 + -2 - 1)*(-1845)/6. Let k = -306 + s. Suppose -817 = -2*l - k. Is l a composite number?
True
Suppose 0 = -4*k + 5*r + 2220226, 18*r - 16*r = 2*k - 1110110. Is k a prime number?
False
Let z be (-4572)/3*(-3)/4. Is (-456)/36*z/(-6) composite?
True
Let s(v) = -10*v - 1. Let o be s(0). Is o/(-2)*-10 - 32*-197 a composite number?
False
Suppose -3*q + 2*q = 2*m - 45625, 0 = -3*q + m + 136833. Is q prime?
True
Let l(x) = 510*x**2 + 28*x + 133. Is l(-17) a composite number?
False
Let s = -389 - -817. Let i = 92 - 213. Let j = s + i. Is j a prime number?
True
Let m be (-8 + 1332 - 3) + 7 + -3. Suppose -p - m = -6*p. Is p prime?
False
Let s(j) = 11*j**3 + 12*j**2 + 27*j - 21. Suppose 0*t = -2*t + 20. Is s(t) prime?
False
Let i(p) = 771*p**3 - 484*p**2 + 3910*p - 5. Is i(8) prime?
False
Suppose 0 = 4*v + o - 1157233, -3*o = 13 - 4. Is v prime?
True
Let l(o) = 2975*o - 34. Let g(j) = 4*j + 1. Let i(x) = -4*g(x) + l(x). Is i(1) prime?
False
Suppose -7*l - 6153200 = -87*l. Is l a prime number?
False
Let w = -63 - -66. Suppose 2*n - 4*n + w = -3*r, n - r - 1 = 0. Suppose n = 8*z - 7*z - 2045. Is z composite?
True
Let s(i) be the first derivative of 61*i**4/2 - 2*i**3/3 + 3*i**2 - i - 58. Is s(2) composite?
True
Suppose 18253 + 30637 = 10*f. Suppose 0*y - y = -f. Is y prime?
True
Let i = 45 - 22. Let p = i + -20. Suppose 7*s = -n + 4*s + 734, p*n - 3*s - 2202 = 0. Is n a composite number?
True
Is (-1359201)/(-4) - 43/(7052/205) a composite number?
False
Suppose 20*b - 67769 = 218251. Suppose -6*l + b = 3*l. Is l a prime number?
False
Let t be (378/(-35))/(-9)*5/2. Suppose w + b = 2235, t*w - 2*b - 6719 = 2*b. Is w composite?
False
Let d = -13289 - -13294. Let q(t) = 15*t + t**2 + 6*t**3 + 3 + 4*t**2 - 4*t. Is q(d) a composite number?
True
Let g(x) = -2*x**3 + 4*x**2 - 5*x + 96643. Is g(0) a composite number?
False
Is (2 - 1)/((-36)/(-2131092)) composite?
False
Suppose f - 1 + 0 = 0, 4*f - 30569 = -u. Is u composite?
True
Let k = -136587 + 305521. Is k a composite number?
True
Let q = 7165 - -736. Is q prime?
True
Suppose 2*p = 27 + 1. Let s be 318/42 - (-6)/p. Is (-2084)/(-4)*(-3 + s) a composite number?
True
Let i = 6635 - 2964. Let j = i + -2035. Is j/12*3 + -2 composite?
True
Let l(h) = 561*h**2 - 8*h - 3. Let f be l(-4). Let t = f + -5578. Is t a composite number?
True
Suppose 0 = 70*p + 82*p + 16*p - 757848. Is p a prime number?
False
Let x = -510 + 511. Is (5 - -1) + 26825*x composite?
True
Suppose -51*d + 41*d = -67780. Suppose -d = -3*x - 1501. Is x a prime number?
True
Suppose 0 = -224*c + 231*c + 126. Let p(v) = -7*v**3 + 2*v**2 - 17*v + 89. Is p(c) a prime number?
False
Let f = 333 - 363. Is f + 31 - -6*1128 prime?
False
Is (3 + (-130)/30)/(8/(-601014)) prime?
True
Let s be 13/(-4) - 1/(-4). Let n(c) = 30 + 31 + 28 - 3*c - 125 + 3*c**2 + 34. Is n(s) composite?
True
Let n(l) = -l**3 - 6*l**2 - 4*l + 19. Let b be n(-4). Let r(y) = -2*y - 1 - 8 + 8*y**3 + 1. Is r(b) prime?
False
Is 7*3389*890/1246 prime?
False
Suppose 4*i - 4*r + 36670 = 5*i, 5*i - 183434 = r. Suppose -3*f + 45871 = 5*j, 3*j = 7*j - 3*f - i. Is j a composite number?
False
Let b(r) = -r**3 - 4*r**2 - 5*r - 10. Let j be b(-4). Suppose 5*m - j*m = -25. Suppose 2*k = -m*h + 7677, -3*k = -h - 0*h + 1532. Is h a composite number?
True
Let j = 80 + -75. Suppose 5*t = 2*b + 5086 + 3346, 0 = -j*b + 20. Let i = 2601 - t. Is i prime?
False
Let l = 248025 - 142228. Is l composite?
True
Suppose -3*j + 3*b = -9, -b - 3 = -2*j + 4*b. Suppose -j*s - s + 5515 = 0. Let p = -582 + s. Is p prime?
True
Suppose -5*l = 3*v + 362, -3*v - 289 = -2*l + 6*l. Let w = 77 + l. Suppose -w*j = -5*t + 6583, 2626 = 2*t - 3*j - j. Is t a prime number?
True
Let g be (2 - 0)/((-2)/(-4)). Suppose g*s = 5*o - 0*s - 31781, 5*s - 25392 = -4*o. Is o a composite number?
False
Let o(a) = 8*a**2 - 33*a + 271. Is o(69) a composite number?
True
Suppose -10*l + 246162 = 11*l. Let d = l + -2243. Is d a composite number?
False
Suppose 3*l + l + 0*l = 0. Suppose -6*n + 4*n + 12 = l. Suppose 6999 = -n*m + 9*m. Is m composite?
False
Let c be (2601/34)/((-3)/(-4)). Let i = -79 + c. Is i a composite number?
False
Suppose -30*k + 162009 = -26*k - 5*y, 4*y = -4. Is k prime?
False
Suppose -2*i + 7 - 1 = 0. Suppose 0 = 4*x - 0*x - i*r + 19, 3*x - 7 = -2*r. Is 28/16 + x + 23986/8 a composite number?
False
Let g be 82128 + 0 + (-43 - -48). Suppose y + 22*y - g = 0. Is y a composite number?
False
Let y = 380376 + -270305. Is y composite?
True
Let v(t) = t**2 + t + 1. Let h(d) = -6*d**2 + d + 643. Let o(m) = h(m) + 4*v(m). Is o(0) a composite number?
False
Let x be (-126)/(-26) - 9/(585/(-10)). Let r be (x + -8)/(2/(-4)). Let d(u) = 3*u**3 - u**2 - 7*u - 7. Is d(r) prime?
True
Let d(b) = 66*b**2 + b - 451. Is d(-22) a prime number?
False
Let q be 32 + 1 + (5 - 4). Suppose 0 = u - 982 - q. Let v = u + -690. Is v prime?
False
Let r = 1846 - -2187. Is r a composite number?
True
Let t = 486693 - -217748. Is t a composite number?
False
Let m be -2 - 11980/12 - 8/(-24). Let c = -641 - m. Is c a prime number?
True
Let z(h) = -h**2 - h + 29. Let l be z(5). Is 9067 + 80 + 0/l a composite number?
True
Let y = 32 - 29. Is 21/(((-54)/(-12162))/y) prime?
False
Let o(i) = i**3 + 5*i**2 + 2*i + 3. Let g be o(-2). Let s(r) = -r**3 + 15*r**2 + 3*r - 26. Is s(g) a prime number?
True
Let z(h) = 4264*h - 34. Let v be z(-9). Let w = v - -67509. Is w a composite number?
True
Let k(h) be the second derivative of 4*h**2 + 20*h + 1219/6*h**3 + 0. Is k(3) a composite number?
True
Let t = 825977 - 441444. Is t prime?
True
Let f(a) = a**3 + 30*a**2 - 35*a - 11. Suppose -2*i = 5*z - 7*i + 135, -5*i = z + 51. Is f(z) a composite number?
False
Let o(d) = -2*d**2 - 15*d + 46. Let s(m) = m**2 + 8*m - 23. Let c = 4 + 9. Let z(y) = c*s(y) + 6*o(y). Is z(-18) a composite number?
True
Suppose -55*w + 20*w + 20463359 = 84*w. Is w a prime number?
False
Is (0 - -1) + 8684470/79 a composite number?
True
Suppose -4*n - 4*v - 204 = 0, 3*n - 4*v = -v - 159. Let b = -49 - n. Suppose -b*j + 934 = -959. Is j prime?
True
Let u be (-3 - -134)*(-4 - 192/(-2)). Let h = 18003 - u. Is h a prime number?
False
Suppose 7*c + 14 = -w + 2*c, -4*c + 118 = -3*w. Let o = -25 - w. Let v(y) = 4*y**2 + 4*y - 13. Is v(o) a prime number?
True
Suppose -5*x = -4*z + 182, x + 40 = -0*x - z. Let s = x + -149. Let r = 324 - s. Is r prime?
False
Let c = 6151 - 8943. Let y = 729 - c. Is y prime?
False
Let z(x) = -x**3 + 114*x**2 - 128*x + 1567. Is z(52) a prime number?
False
Let l(b) = -14963*b**3 + 16*b**2 + 17*b - 5. Is l(-2) a prime number?
False
Suppose 0 = -324*i + 322*i + 18028. Suppose 3*q - i = -g, -22997 = -5*g - 4*q + 22128. Is g a prime number?
True
Suppose -123344 - 277018 = -0*t - 6*t. Is t a composite number?
True
Let l be (((-2)/(-2))/(-4))/((-32)/512). Suppose 7046 = 4*o + 2*w, l*w = -o + 881 + 898. Is o prime?
True
Let t(l) = 3*l + 9. Let s be t(-5). Let n be (-2 - (-77)/4) + s/(-8). Is 2/(-4) + 6831/n composite?
False
Let f = -61 - -87. Let i = f - 24. Suppose l - 207 = -4*q, i*l + 0*q - 408 = -5*q. Is l a composite number?
False
Let d = -67265 + 137902. Is d a composite number?
True
Is (-1 + 4)*20/(240/421868) composite?
False
Suppose 94316 + 12967 = 109*d - 1074386. Is d prime?
False
Suppose -186*u + 166*u + 9779980 = 0. Is u a composite number?
True
Let a(o) = -269*o - 18. Let v(s) = -271*s - 17. Let n(l) = 3*a(l) - 4*v(l). Is n(5) a prime number?
True
Is (-17179068)/(-204) - (-